 i(20).
15
Let r(f) = 5*f**2 - 188*f - 7986. Determine r(63).
15
Let l(m) = 2*m**2 - 2317*m - 44695. What is l(-19)?
50
Let o(r) = r**3 + 84*r**2 - 166*r + 471. Give o(-86).
-45
Let a(n) = 47768*n + 95062. Give a(-2).
-474
Let z(u) = -5*u**2 - 11867*u - 59324. Determine z(-5).
-114
Let z(s) = -183*s**2 + 5000*s + 95. Give z(27).
1688
Let q(x) = -28*x**2 - 43*x - 30. Calculate q(-2).
-56
Let h(s) = 281*s + 81525. What is h(-290)?
35
Let v(k) = 32125*k + 32149. Calculate v(-1).
24
Let k(p) = p**3 + 225*p**2 - 4369*p - 213. Determine k(-243).
-1428
Let u(t) = -4*t**3 - 1062*t**2 + 15070*t + 1111. What is u(-279)?
-5
Let v(m) = -1910*m - 38191. Determine v(-20).
9
Let f(o) = -932*o - 10659. Calculate f(-11).
-407
Let c(m) = -8515*m - 93754. Give c(-11).
-89
Let j(q) = -16*q**2 + 160*q - 206. Give j(4).
178
Let z(y) = 20*y**3 + 6*y**2 + 4411*y + 4405. Calculate z(-1).
-20
Let i(f) = -5*f**2 + 652*f + 545909. Calculate i(402).
-7
Let p(o) = -12*o**3 + 326*o**2 + 3383*o + 57. What is p(-8)?
1
Let r(y) = y**2 - 1678*y + 31236. Calculate r(19).
-285
Let m(b) = 3*b + 709. Give m(-17).
658
Let z(i) = 68*i**2 + 29*i - 174. Calculate z(-2).
40
Let k(q) = -2*q**3 - 16*q**2 - 2772*q - 19451. What is k(-7)?
-145
Let s(v) = -v**3 + 200*v**2 + 1147*v + 446765. What is s(215)?
-5
Let u(a) = 19*a**3 + 8*a**2 - 315*a + 880. What is u(3)?
520
Let k(b) = 16*b**2 + 3585*b - 357. Give k(-224).
-581
Let g(v) = 56*v + 1713. Give g(-35).
-247
Let l(w) = -348*w + 3149. What is l(9)?
17
Let h(l) = -20*l**2 - 552*l - 2268. Calculate h(-4).
-380
Let m(b) = 1890*b - 308086. Calculate m(163).
-16
Let p(h) = 1802*h + 111919. Determine p(-62).
195
Let o(z) = 53*z**2 + 1640*z - 1645. What is o(1)?
48
Let v(n) = -17*n**2 - 1597*n - 14176. Determine v(-84).
20
Let k(m) = -7067*m - 212309. Give k(-30).
-299
Let t(q) = q**3 - 411*q - 2594. Calculate t(-7).
-60
Let c(w) = -3*w**3 + 90*w**2 + 506*w - 161. Determine c(-6).
691
Let m(y) = 1372*y + 100184. Determine m(-73).
28
Let h(v) = 295*v + 1123. Determine h(-4).
-57
Let l(y) = -3*y**2 - 6100*y + 55185. What is l(9)?
42
Let h(y) = -2*y**3 - 74*y**2 + 19914*y + 736705. Calculate h(-37).
-113
Let y(a) = -8080*a - 759521. Determine y(-94).
-1
Let j(i) = 152576*i - 66675705. What is j(437)?
7
Let b(k) = -170*k - 10787. Give b(-67).
603
Let z(y) = 9*y**2 - 199*y - 811. Calculate z(26).
99
Let c(m) = -m**3 - 2*m**2 + 75*m - 132. What is c(5)?
68
Let v(k) = k**3 - 879*k**2 + 6094*k + 8632. Determine v(872).
-88
Let p(r) = 191*r + 2367. Determine p(-6).
1221
Let i(d) = 3532*d - 105282. Give i(29).
-2854
Let m(s) = -s**2 + 6730*s - 33615. Calculate m(5).
10
Let n(b) = 20*b**2 + 50*b - 126. Calculate n(2).
54
Let o(m) = -m**2 + 19766*m + 11758842. Determine o(-578).
10
Let z(k) = -2*k**3 - 67*k**2 + 100*k - 102. What is z(-35)?
73
Let h(b) = -8*b**2 - 7519*b + 7519. Give h(1).
-8
Let u(p) = -129700*p + 1296997. Give u(10).
-3
Let o(k) = 316*k + 70326. Determine o(-222).
174
Let q(z) = -z**2 - 273170*z + 1639059. Calculate q(6).
3
Let q(j) = -27*j**2 - 497*j - 2285. Give q(-9).
1
Let f(l) = 59*l**2 + 15*l + 36. Give f(5).
1586
Let b(c) = -6*c**2 + 840*c - 29238. What is b(74)?
66
Let v(r) = 1907*r - 329908. Give v(173).
3
Let p(t) = 3*t**3 + 122*t**2 + 111*t + 6150. Determine p(-41).
-82
Let l(r) = 50*r + 138. Give l(-7).
-212
Let y(j) = 5*j**2 - 617*j + 5689. Determine y(10).
19
Let z(v) = 2*v**2 - 3192*v + 50733. What is z(16)?
173
Let n(p) = -29*p**3 + 7*p**2 + 1993*p + 5967. Determine n(-3).
834
Let u(r) = 15*r**2 - 4186*r - 52118. Determine u(291).
-29
Let m(t) = -t**3 + 81*t**2 - 478*t - 843. Calculate m(8).
5
Let y(w) = 2345*w - 1704800. Determine y(727).
15
Let h(t) = 4594*t + 1369003. Give h(-298).
-9
Let v(t) = 9210*t + 64425. Determine v(-7).
-45
Let w(l) = 121920*l + 4754900. What is w(-39)?
20
Let g(h) = -2*h - 40. Determine g(-21).
2
Let m(k) = 5*k**2 + 24*k + 80. Determine m(-3).
53
Let j(k) = -1412512*k - 19775156. Determine j(-14).
12
Let f(y) = -1746*y - 26395. What is f(-15)?
-205
Let d(f) = -152*f - 3197. Calculate d(-17).
-613
Let p(r) = -24*r**2 - 3530*r - 106. Determine p(-147).
188
Let v(q) = -5*q**2 - 507*q - 12245. Give v(-62).
-31
Let m(t) = -2*t**3 + 87*t**2 + 1766*t + 163. Determine m(-15).
-2
Let x(a) = -5*a**3 + 365*a**2 + 22*a - 1471. Determine x(73).
135
Let p(h) = -h**3 + 21*h**2 - 27*h + 710. Determine p(20).
570
Let u(n) = -n**2 + 45587*n - 501330. Determine u(11).
6
Let l(r) = -r**2 - 92*r - 255. What is l(-73)?
1132
Let z(j) = -603*j + 1429. What is z(13)?
-6410
Let c(i) = -i**3 + 73*i**2 + 462*i + 952. What is c(79)?
4
Let o(x) = 5*x**3 + 1568*x**2 + 2475*x - 6546. Determine o(-312).
6
Let i(w) = -22*w**2 - 295*w - 269. Determine i(-13).
-152
Let o(v) = -v**3 - 80*v**2 + 112*v + 612. Give o(-81).
-1899
Let u(x) = 78*x**2 + 63*x + 56. Calculate u(-1).
71
Let f(j) = -3505*j + 17743. Calculate f(5).
218
Let l(a) = a**3 - 10*a**2 - 2773*a + 55218. Calculate l(22).
20
Let q(a) = 3*a**2 + 2*a - 3243. Determine q(25).
-1318
Let q(a) = -2*a**2 + 238*a + 5528. Give q(139).
-32
Let f(x) = -131*x**2 - 699*x - 11. Determine f(-5).
209
Let o(s) = 2*s**3 - 135*s**2 - 323*s - 82. Give o(-2).
8
Let j(y) = -168*y + 9621. What is j(67)?
-1635
Let h(y) = 352*y**2 - 2446*y - 80. Calculate h(7).
46
Let j(r) = -r**3 - 26*r**2 + 70*r - 106. What is j(-29)?
387
Let u(v) = 472*v**3 - 2829*v**2 - 17*v + 15. Calculate u(6).
21
Let i(k) = 227*k - 134836. Calculate i(594).
2
Let x(a) = a**3 - 520*a**2 + 1013*a - 256499. Determine x(519).
-113
Let f(v) = v**3 + 665*v**2 - 2908*v + 296133. What is f(-670)?
-7
Let i(z) = -z**3 + 22*z**2 + 505*z - 33. Determine i(36).
3
Let z(r) = -28*r**3 + 22*r**2 - 132*r + 187. Give z(2).
-213
Let v(k) = k**2 + 22544*k + 26977971. Give v(-1268).
3
Let i(b) = -2*b**2 + 22*b + 422. Give i(-18).
-622
Let u(y) = -530*y - 3788. What is u(-5)?
-1138
Let x(g) = -340*g + 13360. What is x(38)?
440
Let i(v) = -2611*v + 26169. Give i(10).
59
Let t(n) = 33191*n + 829756. What is t(-25)?
-19
Let x(i) = 7117*i + 284723. Give x(-40).
43
Let h(o) = 431*o + 11475. Determine h(-30).
-1455
Let i(z) = -z**3 - 28*z**2 + 161*z - 119. What is i(-33)?
13
Let o(m) = m**3 - 15*m**2 + 2495*m - 29523. Determine o(12).
-15
Let n(s) = 167*s - 39437. Calculate n(190).
-7707
Let p(g) = 12*g**3 - 121*g**2 + 842*g - 8238. What is p(10)?
82
Let c(d) = -818*d + 16426. Give c(20).
66
Let p(h) = -3916*h**2 - 278038*h - 139. What is p(-71)?
3
Let d(z) = 79*z**2 - 70*z + 68. Determine d(1).
77
Let s(m) = -2875*m - 161033. Give s(-56).
-33
Let v(r) = -2325*r**2 - 8892*r + 3. Determine v(-4).
-1629
Let y(b) = b**2 - 434*b + 26721. What is y(74)?
81
Let g(v) = -907*v - 10745. Calculate g(-11).
-768
Let a(u) = u**2 + 196*u - 2570. Give a(14).
370
Let y(a) = -a**3 - 36*a**2 - 789*a - 34588. What is y(-39)?
746
Let u(h) = -242*h + 37618. Calculate u(155).
108
Let d(j) = 13*j**2 + 124*j - 355. Give d(-13).
230
Let s(g) = -g**2 - g + 4026. What is s(-75)?
-1524
Let c(x) = -15*x**2 - 16534*x - 372349. What is c(-23)?
-2
Let o(w) = 12*w**2 - 141*w - 109. What is o(10)?
-319
Let y(w) = -w**2 + 6238*w - 662026. What is y(108)?
14
Let t(x) = -x**2 - 455*x - 40696. Calculate t(-125).
554
Let m(f) = 3*f**3 + f**2 - 70*f + 387. Determine m(6).
651
Let x(u) = -u**3 + 87*u**2 - 997*u + 2600. What is x(74)?
10
Let m(u) = 103682*u + 3214129. Determine m(-31).
-13
Let f(h) = -138*h**2 - 2218*h - 2235. What is f(-15)?
-15
Let s(x) = -21*x**2 - 408*x + 19114. Calculate s(22).
-26
Let u(z) = -16*z**2 - 618*z + 5363. Calculate u(-46).
-65
Let u(x) = -8*x**2 - 2914*x + 87035. Calculate u(-392).
11
Let z(b) = -5*b**3 + 301*b**2 - 785*b - 7247. Calculate z(57).
-8
Let j(n) = -6*n**3 - 2*n**2 + 17*n + 25. What is j(-2)?
31
Let w(i) = 551*i**2 - 6065*i + 38. Determine w(11).
-6
Let n(z) = z**3 - 23*z**2 - 954*z + 22604. Determine n(25).
4
Let x(k) = -66*k**3 - 3*k**2 - 106*k + 214. Give x(2).
-538
Let s(o) = o**3 - o**2 - 502*o + 61. Determine s(25).
2511
Let r(h) = -2177*h**2 - 63144*h - 299. What is r(-29)?
20
Let q(v) = -67*v**2 + 83*v + 493. Calculate q(5).
-767
Let u(s) = -s**3 + 320*s**2 - 1211*s - 211320. Calculate u(314).
2
Let t(n) = 2*n**3 + 9*n**2 - 6693*n + 45728. Determine t(7).
4
Let z(b) = -20*b**2 - 121*b + 673. What is z(-6)?
679
Let s(b) = -b**3 - 